2, 7
Let a = -489 - -514. Suppose 0 = a*k - 3301 - 6424. What are the prime factors of k?
389
Suppose 573*k - 2*o = 577*k - 185904, -4*k - o = -185902. What are the prime factors of k?
5, 11, 13
Let y(m) = -m**3 + 7*m**2 - 5*m - 7. Let v(u) = -u**3 + 4*u**2 - 2*u + 3. Let i be v(3). Let s be y(i). What are the prime factors of (12/10)/(s*1/(-150))?
2, 3, 5
Let v = -31 + 31. Suppose -5*r + v*z + 4*z + 20 = 0, 4*r - z - 16 = 0. Suppose 10*g = r*g + 90. List the prime factors of g.
3, 5
Let a be -381*9/6*2/(-9). Suppose x + a = 4*b, -4*b - b = -10. Let k = 258 + x. List the prime factors of k.
139
List the prime factors of ((-7)/(-14))/(3 + (-5985)/1990)*-69.
23, 199
Let d(o) = 68 + 15*o - 225 + 68 + 4*o**2 + 70. What are the prime factors of d(11)?
2, 3, 5, 7
List the prime factors of (-8)/8*(6 - 3628/1).
2, 1811
List the prime factors of (-149)/(-3)*(-4115)/(-10) + (-1)/(-6).
2, 11, 929
Let t(r) = 5*r - 13. Let v be t(2). Let g(h) be the second derivative of h**4/4 + h**3/6 - 7*h**2/2 - 7*h. What are the prime factors of g(v)?
17
Suppose 0 = 4052*k - 4036*k - 171424. What are the prime factors of k?
2, 11, 487
Let y = 240 + -244. List the prime factors of y + ((-170)/(-5) - -7).
37
Suppose 0 = w + 2 + 1, -3*u + 4*w - 12 = 0. Let s be 1/((-12)/(-9)) - 42/u. Suppose s*z = 524 + 484. List the prime factors of z.
2, 3, 7
Suppose 0 = 4*c + h - 516, -2*h = 7 + 1. What are the prime factors of c?
2, 5, 13
Let h(j) = -208*j**3 - 3*j**2 - 3*j - 1. Suppose 19 = a - 5*p, a + 3*p + 6 + 7 = 0. List the prime factors of h(a).
3, 23
Let p = 50 - 47. Suppose -p*r = 246 - 807. What are the prime factors of r?
11, 17
Suppose -33*u + 5348 = -19*u. Let m = u + -202. List the prime factors of m.
2, 3, 5
Suppose t - 8348 = -4*w + 6*w, 16708 = 2*t - 10*w. What are the prime factors of t?
2, 7, 149
Suppose 26*q - 91884 = 308283 + 60371. List the prime factors of q.
17713
Suppose -7*s + 11*s = 20. Suppose -20 = 4*a, 23*h + s*a + 3745 = 28*h. What are the prime factors of h?
2, 3, 31
Suppose -341063 = -126*d + 1120663. What are the prime factors of d?
3, 1289
Let t be -4*(93/(-84) + 4/(-28)). Suppose 2*h + 2*h = s - 149, t*h + 304 = 2*s. What are the prime factors of s?
157
Suppose -5*h = -99 - 36. Let u be (-2)/9 + 1491/h. Suppose 9*x - u = 4*x. What are the prime factors of x?
11
Let i = 26562 - 5409. List the prime factors of i.
3, 11, 641
Let j = -385 - -124. Let q = j + 365. List the prime factors of q.
2, 13
Let u(j) = 2*j + 10. Let s = 30 + -27. Suppose s*k = 3, 2*i + 5*k - k = 30. List the prime factors of u(i).
2, 3
Let j(d) = 302 - 5*d + d**3 + 3*d**2 + 17*d - 13*d + 534. What are the prime factors of j(0)?
2, 11, 19
Let m be -10*(-4 - (-26)/5). Let l be (128/12)/(m/(-18)). Let a = l - 8. What are the prime factors of a?
2
Suppose -5*o = 5*i, -32 = -2*o - 2*o + 4*i. Suppose 0 = u + 4*u - o*b - 1610, -4*u + 1267 = b. List the prime factors of u.
2, 3, 53
What are the prime factors of 2/((-4)/50600*-5)?
2, 5, 11, 23
Let q(a) = 416*a**3 + a**2 - 6*a + 9. List the prime factors of q(2).
3329
List the prime factors of 12*100/(-60) + 49494.
2, 29, 853
Let l be 52/208*(-12)/(-1). Suppose 0 = -2*s - 4*g + 200, l*g - 431 = -5*s + 69. List the prime factors of s.
2, 5
Suppose -3*m + o = -4317 - 19627, 0 = -5*m + 3*o + 39912. What are the prime factors of m?
2, 3, 5, 7, 19
Let s = -22 + 38. Suppose 440 = 6*a - s. Let u = 115 - a. List the prime factors of u.
3, 13
Suppose -66*r = -380001 - 829515. List the prime factors of r.
2, 7, 11, 17
Let n(p) = -p**3 + 12*p**2 + 4*p - 6. Let t be n(12). List the prime factors of 14/4*(t - -2).
2, 7, 11
Suppose -5*c = -7*c - 3*r + 39108, r = -c + 19557. What are the prime factors of c?
3, 6521
Suppose 0 = 4*o + 3*p - 0*p - 8, -o + 3*p + 17 = 0. Suppose -5*b = -5*i - 3220, -o*b + 2*i + 135 = -3094. List the prime factors of b.
647
Let r = 1 - -17. Let s be (4 + 0)/(r/144). Suppose -5*f + 693 = 4*x + s, 4*x = 5*f + 611. List the prime factors of x.
3, 53
Suppose -s - 5324 = 4*x - 3*s, -4*s - 1331 = x. Let a = x - -1928. What are the prime factors of a?
3, 199
Let j(u) = -7*u + 17. Suppose -2*z + 7*z = -405. Let p = 61 + z. List the prime factors of j(p).
157
Let t = -18166 + 47737. What are the prime factors of t?
3, 9857
Let r(j) = -3*j**2 - j - 5. Let o be r(4). Let s = 152 + -143. What are the prime factors of (3 - s/6)*-2 - o?
2, 3
Let a = -707 + 472. Let f = a + 707. List the prime factors of f.
2, 59
Let r = 97964 + -61133. What are the prime factors of r?
3, 12277
Let c(i) = -1271*i**3 + 3*i**2 - 10. List the prime factors of c(-3).
2, 17167
Suppose 579655 = -351*v + 5527351. List the prime factors of v.
2, 881
Let k(p) = p**2 + 35*p + 59. Let w be -37 - 10/(-20)*(-12 + 2). What are the prime factors of k(w)?
353
Suppose -68*d = -51*d - 85. Suppose -34*l + r = -30*l - 1072, -2*l = d*r - 536. What are the prime factors of l?
2, 67
Let u be 3 + (7/(-7))/((-1)/(-3)). Suppose 0*q = -4*q + 5*k + 222, -4*k + 8 = u. Suppose q = 8*w - 158. What are the prime factors of w?
3
List the prime factors of ((-608)/(-14 + -2))/((-2976)/2979 - -1).
2, 3, 19, 331
List the prime factors of (-18)/(-24) - (6 - 150/24) - -20895.
2, 653
Let r = -519 + 727. List the prime factors of r/(-6)*(125/(-10) + 2).
2, 7, 13
Let g = 41569 + -15129. List the prime factors of g.
2, 5, 661
Suppose 4*t + 4*x = -16, -3*t + x = 3 - 7. Suppose t = -6*g - 108 + 1896. What are the prime factors of g?
2, 149
Suppose -t + 74456 = 259*j - 254*j, -2*j + 223329 = 3*t. List the prime factors of t.
74441
Let a be (83/(-3))/(6/(-378)). Let o = 2543 - a. What are the prime factors of o?
2, 5
Let u = -9025 + 12013. List the prime factors of u.
2, 3, 83
Let n(g) = g**3 - 18*g**2 - 3 - 1 - 5 - 19 + 27*g. List the prime factors of n(18).
2, 229
Let i(t) = 31 - 7 + 72 + 5*t + 38*t + 34*t. What are the prime factors of i(16)?
2, 83
Let m(b) = 16 + 14*b + 9 - 7 - b**2 + 2*b**2. Let r be m(-13). Suppose 0*v - 257 = -3*v - j, -v - r*j + 95 = 0. What are the prime factors of v?
5, 17
Let v(k) = 18*k - 37. Let o = 41 - 94. Let d = o + 68. List the prime factors of v(d).
233
Suppose -1416471 + 269907 = -18*p. What are the prime factors of p?
2, 31849
Suppose 21*s - 2316 = 15*s. Suppose 4*i - 3*z = 515, 3*i = -z + 3*z + s. List the prime factors of i.
2
Let v be (-953)/(-6) - (-8)/48. Let o = -42 + 40. List the prime factors of (-13)/(-26) - v/o.
2, 5
Let l(m) = 3*m + 9. Let s(q) = -6*q - 17. Let f(v) = 7*l(v) + 4*s(v). Let y be f(-4). Suppose 0 = y*b - 47 - 37. List the prime factors of b.
2, 3
Let p(f) = -6*f**3 + f**2 - 5*f - 10. Let b be p(-2). Let d = -52 + b. Suppose -3*w - w + 396 = d. What are the prime factors of w?
3, 11
Let a = 8301 - -371. Suppose -87*w + 79*w = -a. List the prime factors of w.
2, 271
Suppose 995*r - 991*r = 34636. What are the prime factors of r?
7, 1237
Suppose -8 = 9*n - 13*n. Suppose -n*z - 11 = -9, -5370 = -3*i + 3*z. List the prime factors of i.
1789
Suppose 2*a = 11 - 101. Let l = a - -31. What are the prime factors of (l/(-35))/(2/210)?
2, 3, 7
Suppose 137 = 3*l + 3*w - 8*w, 0 = -2*l + 5*w + 93. Let r = l + -98. Let i = 88 + r. What are the prime factors of i?
2, 17
Let v be 2/3 + 152/(-3) + -2. Let h = 40 + v. List the prime factors of (-2885)/(-30) + 2/h.
2, 3
Let g = 585 + -585. Suppose 0 = 3*r + 3*n - 4404, g = 6*n - n - 20. What are the prime factors of r?
2, 3, 61
What are the prime factors of -2*(-10261)/7 - 24/(-84)?
2, 733
Suppose -176400 = -5296*m + 5276*m. List the prime factors of m.
2, 3, 5, 7
Suppose 0 = -6630*d + 6599*d + 1327730. What are the prime factors of d?
2, 5, 4283
Suppose 4*x + 49 = 2*l + 3*x, -3*x - 15 = 0. Let d(y) = y**3 - 8*y**2 + 4*y + 16. Let u be d(7). Let j = l + u. What are the prime factors of j?
17
What are the prime factors of ((-1745)/40)/(3/(-444)) - 4/(-8)?
11, 587
Let c = 3233 - 2552. List the prime factors of c.
3, 227
Let y = 26717 - 15923. What are the prime factors of y?
2, 3, 7, 257
List the prime factors of ((-38615)/20)/((-40)/160).
7723
List the prime factors of ((-418768)/(-21))/((-10)/(-15)).
2, 3739
Let l(i) = -i**3 - 11*i**2 + 34*i - 53. What are the prime factors of l(-23)?
37, 149
Let h = 97 - -598. Suppose -2*j = 5*d - h, -3*d + 356 = 5*j - 42. List the prime factors of d.
3, 47
Let f(d) = 12 - 2